(6) is divided by f(-9)?
7
What is the remainder when 14 is divided by 3/((-2)/(24/(-9)))?
2
Suppose -3*d + 774 = -0*d. Let b be (d/(-9) + -2)*-3. Suppose 5*r - 213 - b = 0. What is the remainder when r is divided by 21?
19
Let i = -7 + 37. What is the remainder when i is divided by -2 - -1*(-26)/(-2)?
8
Let p(s) = -s**3 - s**2 + 2. Let h be p(0). Suppose -22 + 8 = -h*r. Suppose 9 = 2*a + 5*f, 5*a + 5*f - 59 = -14. Calculate the remainder when a is divided by r.
5
Suppose -7 = -6*k + 107. What is the remainder when 51 is divided by k?
13
Suppose 160 + 96 = 4*b. Calculate the remainder when b is divided by 13.
12
Suppose -t = -2*n + 38, -3*t + 1 = -5. What is the remainder when 57 is divided by n?
17
Suppose 0 = 5*o, 3*q = o - 4*o + 12. What is the remainder when 30 is divided by q?
2
Let b = -1 - 11. Let i = 25 + b. Suppose -3*a + 0*a + 15 = 0. Calculate the remainder when i is divided by a.
3
Let s be -2 - 1*(2 - 21). What is the remainder when 32 is divided by s - (-3 - (0 + -3))?
15
What is the remainder when 76 is divided by 1/((-2)/(-37 + -3))?
16
Let n be ((-28)/49)/((-4)/14). Let m(z) = -z + 0*z + 6*z**n + 5*z**2. Calculate the remainder when 35 is divided by m(-1).
11
Suppose -43*b + 41*b + 100 = 0. Let m = 7 + 6. Calculate the remainder when b is divided by m.
11
Let s(g) = 5*g**3 - 33*g**2 - 25*g - 16. Let m(n) = n**3 - 8*n**2 - 6*n - 4. Let q(f) = -9*m(f) + 2*s(f). What is the remainder when q(-5) is divided by 3?
0
Let g(v) = 3*v. Calculate the remainder when g(8) is divided by 9.
6
Let m(w) be the first derivative of w**3/3 + w**2/2 - 15*w - 4. Let c be m(0). Let f = c + 28. Calculate the remainder when f is divided by 4.
1
Let q = -61 - -90. Calculate the remainder when q is divided by 17.
12
Suppose -3*t + 3 = -3. Suppose -p + 6 = -t. Suppose -5*l - 2*f + p = 0, -3 = 2*l - 6*l - 5*f. Calculate the remainder when 5 is divided by l.
1
Suppose -2*m + 3 + 3 = 0. Suppose -7 = m*t - 25. Suppose -35 = -2*b - 5*l, b - 22 = -5*l + l. Calculate the remainder when b is divided by t.
4
Suppose -g = 4*g. Suppose g*f - 4 = 2*f. Let v = f - -17. What is the remainder when 28 is divided by v?
13
Let v = -1 - -3. Suppose -v*y = -30 - 56. Calculate the remainder when y is divided by 11.
10
Let t(c) = c + 16. Let y be t(17). Let v = -3 + y. Calculate the remainder when v is divided by 8.
6
Suppose 0*u - 5*u + 480 = -5*d, -2*d - 292 = -3*u. Suppose 0 = -0*f - 5*f + u. Calculate the remainder when f is divided by 7.
6
Calculate the remainder when 7 is divided by (-3)/(-2) + (-6)/(-12).
1
Suppose 80 = -6*m + 254. Suppose -r - c + 2 = -9, -3*r + 4*c + 61 = 0. Calculate the remainder when m is divided by r.
14
Suppose -j - 8 = -3*j. Suppose 0 = j*d - 15 - 21. Suppose -4*x - 5*s + 20 = 0, -2*x - 3*x + 4*s = -25. What is the remainder when d is divided by x?
4
Suppose -d + 151 = -4*t, 3*t = t + 2. Calculate the remainder when d is divided by 12.
11
Calculate the remainder when 53 is divided by (-7)/(4 - (-36)/(-8)).
11
Let u(y) = y**2 - 5*y + 2. Let g(n) = -n**2 + 5*n - 1. Let v(r) = 2*g(r) + 3*u(r). Calculate the remainder when 53 is divided by v(7).
17
Let q(u) = 2*u - 5*u + u + 5. Let o be -5 - (1/1 - 1). What is the remainder when 28 is divided by q(o)?
13
Let s(j) = -j**3 - 4*j**2 - 3*j - 3. Let x be s(-3). Let u(k) = -3*k - 3. What is the remainder when u(x) is divided by 3?
0
Suppose 2*m = 2, 2*m - 3*m = j - 16. Let v = j - 5. Suppose -18 = -2*x + 38. What is the remainder when x is divided by v?
8
Let w be (-3)/(0 - (-6)/16). Let r(n) = n**3 + 8*n**2 - 2*n + 2. Suppose -2*a - 204 = -8*a. Calculate the remainder when a is divided by r(w).
16
Suppose 0 = j + 2*q - 5, -2*q - 15 = -0*j - 3*j. What is the remainder when 12 is divided by j?
2
Suppose 0*i = -2*o - 2*i + 170, 0 = 2*o - 4*i - 158. What is the remainder when o is divided by 12?
11
Let m(i) = -i**3 - 6*i**2 - 3*i - 5. What is the remainder when m(-8) is divided by 30?
27
Let z = -7 - 1. Suppose 5*j = -20, -2*u + 5*j = 1385 - 523. What is the remainder when (-2)/z - u/28 is divided by 9?
7
Suppose 123 = 5*j - 22. What is the remainder when j is divided by 15?
14
Let m(h) = -h + 5. Let g(a) = -a**2 + 4*a - 2. Let d(q) = q + 9. Let o be d(-6). Calculate the remainder when m(4) is divided by g(o).
0
Suppose -3*m + 49 = -2*s, -s - 2 = -m + 16. Let a = -23 + 21. What is the remainder when m is divided by a/(-3 + 4)*-2?
1
Suppose 7*t - 40 = 5*t. Let f = 114 + -56. What is the remainder when f is divided by t?
18
Let z be (-1080)/18*(0 - -1). Calculate the remainder when 8/10 + (-492)/z is divided by 4.
1
Let a = 22 + -5. Let v(t) = 2*t - 6. Let l be v(5). Suppose 16 = -l*g, 0 = -5*w + 2*g + 20 + 33. Calculate the remainder when a is divided by w.
8
Let t be -1*(4*-1 + 1). Let m = 4 - 2. Calculate the remainder when (t/m + -2)*-86 is divided by 15.
13
Let j be (-36)/15 - 6/10. Let t(q) = -2*q**2 - 4*q - 4. Let l be t(j). Let c = l - -15. Calculate the remainder when 13 is divided by c.
3
Suppose 3*p + 5 = -o, 2*o - o + 5 = p. Let z = 10 + p. Calculate the remainder when 18 is divided by z.
8
Let i = 20 + -12. What is the remainder when 16 is divided by i?
0
Let m = 10 - 6. Let c = m + -3. What is the remainder when c - -1 - (-1 - 0) is divided by 2?
1
Let i be 0 + 0/1 + 23. Suppose 3*v + i = 2*h, 0 = h + 5*v + 2 - 33. Calculate the remainder when h is divided by (-2)/(-2) - (-1 - 4).
4
Let b(f) = -f**2 - 9*f - 6. What is the remainder when 21 is divided by b(-7)?
5
Suppose -5*c = -128 + 88. Calculate the remainder when 133 is divided by c.
5
Suppose 597 = 4*t + 5*s - 8*s, 5*s = t - 162. Calculate the remainder when t is divided by 30.
27
Let m(s) = 2*s**2 + 19*s + 12. What is the remainder when 34 is divided by m(-10)?
12
Let b(o) = 5*o**2 - 7*o - 16. Calculate the remainder when b(-7) is divided by 35.
33
Suppose -3*h = r - 28, 5*h + 2*r + 2*r = 42. What is the remainder when 37 is divided by h?
7
Let p(n) = -n**3 - 3*n**2 - 5. Let t be p(-4). Let z = t - -4. What is the remainder when 42 is divided by z?
12
Let a = -27 + 46. Let d(x) = 2*x**3 - 3*x**2 + 4*x - 2. What is the remainder when a is divided by d(2)?
9
Let t(y) = -y**3 + 6*y**2 + 3*y + 9. What is the remainder when 107 is divided by t(6)?
26
Let c = -5 + 7. Let m = 4 - c. Suppose 2*v + 5*w - 9 = -0, -5*w + 15 = 5*v. What is the remainder when m is divided by v?
0
Let k(x) = -2*x**2 + 8 - 7*x + 3*x**2 + 0*x**2. Let f = -7 - -12. What is the remainder when k(7) is divided by f?
3
Suppose 0*r + 3*r + 5*x - 50 = 0, -5*x + 10 = -r. What is the remainder when r is divided by 6?
4
Let y = -29 + 41. Suppose 0*n = -4*w - 2*n + 76, 2*w - 4*n - 58 = 0. Calculate the remainder when w is divided by y.
9
Let c(s) = s**3 + 10*s**2 + 15*s + 8. What is the remainder when 60 is divided by c(-8)?
12
Let a(p) = 6*p + 4. Let m(y) = 0 + 4*y - 1 - 3*y. Let w(z) = a(z) + 3*m(z). Calculate the remainder when w(1) is divided by 4.
2
Let k(z) = -z**3 - 6*z**2 + 7*z + 10. What is the remainder when 38 is divided by k(-7)?
8
Suppose -2*j = -0*q - 4*q + 20, 3*q - 5*j = 29. Let u be 0 - (1 + 11 + 0). Let a = u - -20. What is the remainder when a is divided by q?
2
Let d = 17 - 11. Calculate the remainder when 28 is divided by d.
4
Let w(a) = -a**3 + 6*a**2 + 5*a + 19. What is the remainder when w(6) is divided by 10?
9
Let z(b) = b**3 - 12*b**2 + 4*b - 15. Let w be (-1 + -17)*2/(-3). What is the remainder when z(w) is divided by 12?
9
Suppose -2 - 18 = -4*c. What is the remainder when 44 is divided by 6/(-4)*(-5 - c)?
14
Let i(r) = -2*r**2 - 11*r - 3. What is the remainder when 7 is divided by i(-5)?
1
Suppose 0 = -4*p - 3*h + 302, -h + 5*h + 8 = 0. What is the remainder when p is divided by 13?
12
Let i be 0 - (8 - (-1 - -2)). Let x(b) = -b**3 - 6*b**2 + 7*b + 6. Calculate the remainder when 10 is divided by x(i).
4
Let w = 19 - 13. Let a = -2 - -6. Suppose -5*y + 50 = -0*y - a*t, -y - 5*t = -10. What is the remainder when y is divided by w?
4
Let d be (3/(-6) - -1)*-30. What is the remainder when 11 is divided by (2 - -8)*(-6)/d?
3
Let b = 15 - 16. Calculate the remainder when 39 is divided by 2/(b*1/(-7)).
11
Let k(a) = a**3 + 2*a + 1. Calculate the remainder when 66 is divided by k(3).
32
Let i(z) = z**2. Let c be i(-3). Let g = c + -7. Calculate the remaind